rime factors of w?
2, 5, 1613
Suppose 4*m + 62 = -3*x, 5*m = -0*m - 3*x - 76. Let r = 128 - m. Suppose -r*c + 220 = -137*c. What are the prime factors of c?
2, 11
Let c(z) = -366*z - 41. Let b be c(7). Let l = b - -747. What are the prime factors of l/(-14) - (-24)/(-42)?
2, 3, 11
Let v = -107 + 202. Let x be (64/640)/(2/20). What are the prime factors of x*(-2)/(-4) - v/(-2)?
2, 3
Suppose -28*q + 3312 = -6992. Suppose -q = -m + 213. What are the prime factors of m?
7, 83
Let i(d) = d**2 + 8*d + 3. Let w be -8*5/(8 + -3). Let m be i(w). Suppose 0 = m*a + 2*a - 40. What are the prime factors of a?
2
Let a(d) = d**2 - 5*d + 10. Let j be a(3). Let g(p) = 7*p - 15. List the prime factors of g(j).
13
Let m = -33 - -1019. What are the prime factors of m?
2, 17, 29
List the prime factors of 7696 + 2/(-12) + 3953/(-402).
2, 3, 7, 61
Let h(m) = -m**3 - 7*m**2 - 4*m - 12. Let x be h(-7). Suppose -x*f + 294 = -15*f - 3*l, 0 = f - l - 286. List the prime factors of f.
2, 3, 47
Let v(s) = 250*s**2 - 243*s - 2083. List the prime factors of v(-9).
2, 10177
Suppose 6104928 = -412*a + 508*a. List the prime factors of a.
19, 3347
Suppose -5*r = -2*h + 31692, 21*h - 17*h = 11*r + 63390. List the prime factors of h.
3, 1759
Suppose 28*g - 30397 + 3349 = 0. Let l = g - -276. List the prime factors of l.
2, 3, 23
Let j = 315 + -358. Let m = j + 102. List the prime factors of m.
59
Suppose q = 2*q - 4. Suppose -2*k = 2*z - 86 - 138, -q*z - 20 = 0. What are the prime factors of k?
3, 13
Let x be (-26554)/(-50) - 76/950. Let v = -256 + x. What are the prime factors of v?
5, 11
Let i be ((-2)/(-6))/((-5)/(-135)). Let t(x) = -2*x**2 + 4*x**2 - 14*x - 141 + 145. List the prime factors of t(i).
2, 5
Let b(a) = -a**3 + 4*a**2 - 3. Let h be b(2). Suppose 110*g = -5*m + 112*g + 8680, g - h = 0. List the prime factors of m.
2, 11, 79
Let k(b) be the first derivative of -b**4/4 + 8*b**3/3 - 13*b**2/2 + 14*b - 15. Suppose m = 5*m - 24. What are the prime factors of k(m)?
2
Let w(u) be the second derivative of 18*u**3 - 3*u**2/2 + 55*u. List the prime factors of w(2).
3, 71
Let b = 92 - 65. Suppose 3*x + b = d, -4*x - 50 = 3*d - 196. List the prime factors of d.
2, 3, 7
Let q = -655 + 1801. Suppose -2*j = 3*c - q, -c + 3*j + 143 = -250. What are the prime factors of c?
2, 3
Suppose 20*n - 2*l + 300756 = 24*n, 5*l + 20 = 0. List the prime factors of n.
17, 4423
List the prime factors of 2549520/192 - (-6)/(-8).
2, 3, 2213
Let o = 42 - 39. Suppose -k + 1 = -m, m + 3*k = -3*m + o. Suppose m = -a + 2*a - 22. List the prime factors of a.
2, 11
Suppose -d + 49 = -23. Let s = d - 12. Let n = s - 39. What are the prime factors of n?
3, 7
Let f be 6/21 + (-1141)/49. What are the prime factors of 3/(-6) - f/2?
11
Let l be ((-188)/8)/(1/(-2)). Let y = l - -89. List the prime factors of y.
2, 17
Suppose 4*h + l + 25 = -4, 5*h = -5*l - 25. Let n(u) = -34*u - 21. Let x be n(h). Suppose 0 = f - g - 46, -2*f + x = 3*f + 2*g. List the prime factors of f.
7
Suppose -190 + 1 = 3*w. Let t = 68 + w. Suppose 3*i - 3*z = -i + 645, -805 = -t*i + 4*z. What are the prime factors of i?
3, 5, 11
Suppose r - 17*k + 15*k = 20775, -3*r = -4*k - 62319. What are the prime factors of r?
3, 7, 23, 43
List the prime factors of (-333392)/(-10) - (-15)/(-1875)*25.
3, 11113
Suppose -30*u - 4 = -32*u. Suppose 0*k + 5*c - 5 = 5*k, -k - u*c = -11. What are the prime factors of -59*k*2/(-6)?
59
Suppose -2*m - 4283 = -i, 21*i + 5*m + 17135 = 25*i. List the prime factors of i.
5, 857
Let w = 43169 - 12348. What are the prime factors of w?
7, 17, 37
Let n(u) = -2*u**2 + 32*u + 37. Let c be n(17). Suppose -691 = -c*y + 134. List the prime factors of y.
5, 11
Let y(x) = -x**3 - 28*x**2 + 6*x - 30. Let z be y(-28). List the prime factors of (-35)/(-3*(-6)/z).
5, 7, 11
List the prime factors of ((-122)/2*1)/((-53)/165572*4).
11, 61, 71
Let o(s) = 13*s**2 - 7*s - 63. Let k = -241 - -235. What are the prime factors of o(k)?
3, 149
Let h(r) = -4*r**2 + 13*r + 19. Let l be h(-6). Let o = l + 1021. What are the prime factors of o?
2, 409
Suppose 22*t = 11*t + 11. What are the prime factors of 1/(((-4)/(-1176))/t)?
2, 3, 7
Suppose 9*c - 125620 = -6*c - 5*c. What are the prime factors of c?
11, 571
Suppose s = j + 15366, -5*j = 4*s - 37380 - 24156. List the prime factors of s.
2, 7687
Suppose -2*h - 195 = -59. Let v = h + 110. List the prime factors of v.
2, 3, 7
Suppose -2*g = -225 - 5. Suppose 3*v = -131 - g. Let l = v - -141. List the prime factors of l.
59
Let q = 15515 + -7527. Suppose -318*k - q = -322*k. List the prime factors of k.
1997
Let g(c) = -c**3 - c**2 + 3*c + 4. Let z be g(-2). Suppose -n + 6 = -4*n, -z*u + 470 = -5*n. What are the prime factors of u?
2, 5, 23
Let y(s) = s**3 + 21*s**2 + 24*s - 46. Let t(o) = -2*o**3 - o**2 + o - 1. Let r = -53 + 55. Let b be t(r). What are the prime factors of y(b)?
2, 5, 11
Let o = 351 + -339. Suppose 0 = -o*z + 14736 - 5028. List the prime factors of z.
809
Let n = -37913 + 61506. What are the prime factors of n?
23593
Suppose -5*i - 5*f = 2255 + 595, -3*f - 1142 = 2*i. What are the prime factors of -2 - i/(-16)*(0 - 2)?
3, 23
Let u(s) = 41*s - 1. Let x be u(2). Let k be 2/14 - 948/21. Let b = k + x. List the prime factors of b.
2, 3
Let y be 76/3*(6 + (-6)/4). Suppose y = r - 195. List the prime factors of r.
3, 103
Let j(l) = 3*l - 27. Let a be j(10). Let f(o) = -3*o + 25. What are the prime factors of f(a)?
2
Let s be 81/36*(-352)/(-3) - 0. Let p = s + -681. Let w = -289 - p. What are the prime factors of w?
2
Suppose 38*w + 184350 = 43*w - 5*x, -4*x = -3*w + 110602. What are the prime factors of w?
2, 18439
Suppose -13*z - 212992 = -29*z. What are the prime factors of z?
2, 13
Let t(q) = 9*q**2 + 10*q + 22. Let j be t(-4). Let b = -7 + j. What are the prime factors of b?
7, 17
Suppose 112*d = 101*d + 5654. Let a = 69 + d. List the prime factors of a.
11, 53
Let x be 2/3*-3 - 2. Let m be 2 + 1 - (-58 + x). Suppose 6*s + 5 = m. What are the prime factors of s?
2, 5
Suppose -22 + 23 = j. Let x be ((-11)/11)/(0 - j). What are the prime factors of 23 + (2/(2/(-1)))/x?
2, 11
Suppose 15*s - 55 - 5 = 0. Suppose -4*c + 109 = 5*n - 21, -s*n = -c - 104. List the prime factors of n.
2, 13
Suppose -5*h - 68250 = -3*z, -3*z + 15228 = -2*h - 53022. What are the prime factors of z?
2, 5, 7, 13
Suppose -10*p + 6 + 14 = 0. Suppose -2*n + 119 = d, p*n - 43 - 70 = d. List the prime factors of n.
2, 29
Let x(w) = -w**2 + 3*w + 266. Suppose -2*v + 2*a = a, -2*v - 3*a = 0. Let n be x(v). Suppose -n - 328 = -3*g. List the prime factors of g.
2, 3, 11
Let h(l) = l**2 - 3*l + 1. Let d = 54 - 55. Let t(i) = 8*i**2 + 2*i. Let w be t(d). What are the prime factors of h(w)?
19
Let w = 10070 + -4420. List the prime factors of w.
2, 5, 113
Suppose 0 = 5*k + 5 - 15. Let s be k/(-1)*236/(-8). Let z = 132 - s. List the prime factors of z.
73
Suppose -4909 + 1419 = 10*i. Let n = i + 396. List the prime factors of n.
47
Let p(r) = 16*r - 18. Let u be p(-19). Let s = -6 - u. List the prime factors of s.
2, 79
Let r(v) = 15*v**3 - 41*v**2 + 232*v + 57. List the prime factors of r(8).
3, 23, 101
Let g be (-8)/60 + (-4146)/(-45). Suppose 3012 = 96*d - g*d. List the prime factors of d.
3, 251
Let r = 11280 - 6678. What are the prime factors of r?
2, 3, 13, 59
Suppose 3*c = 4*c - 572. Suppose 5*b - 94 - 618 = 2*i, 4*i = 4*b - c. List the prime factors of b.
2, 71
Let h = 2016 - -3481. List the prime factors of h.
23, 239
Let p(l) = -25*l**3 - l**2 - 2*l - 2. Let r be p(-1). Suppose -r = 5*u - 49. Suppose 5*o - 708 = -2*s, 3*o + u*s - 4*s = 424. What are the prime factors of o?
2, 5, 7
Let i(j) = -j - 30. Let f(z) = -z**3 - 11*z**2 + 4*z + 14. Let w be f(-11). Let d be i(w). Let p(m) = -2*m**2 + 3*m + 36. What are the prime factors of p(d)?
2, 3
Let z(n) = 13*n - 9737 + 3*n**2 + 9809 + n. What are the prime factors of z(-12)?
2, 3, 7
List the prime factors of 4 + -8 + (25028 - (10 - 21)).
3, 5, 1669
Let u(q) = -q**2 + 2*q - 3. Let w be u(12). Let c(g) = g**3 - g**2 - 7*g - 14. Let x be c(7). Let h = x + w. What are the prime factors of h?
2, 3
Suppose 4*p - 14 = -2*o, -19 = 6*o - 10*o - 5*p. List the prime factors of (o - -5) + 6 + 100.
2, 7
Let j(a) = -a**3 - 25*a**2 + 36*a - 57. Let g be j(-27). Let r = 940 - g. W